{"id":7,"date":"2025-07-03T11:48:42","date_gmt":"2025-07-03T11:48:42","guid":{"rendered":"http:\/\/anastudio.pl\/?page_id=7"},"modified":"2025-07-21T19:39:48","modified_gmt":"2025-07-21T19:39:48","slug":"strona-glowna","status":"publish","type":"page","link":"https:\/\/anastudio.pl\/","title":{"rendered":"Strona G\u0142\u00f3wna"},"content":{"rendered":"\t\t<div data-elementor-type=\"wp-page\" data-elementor-id=\"7\" class=\"elementor elementor-7\">\n\t\t\t\t<div class=\"elementor-element elementor-element-27a4159 e-flex e-con-boxed e-con e-parent\" data-id=\"27a4159\" data-element_type=\"container\">\n\t\t\t\t\t<div class=\"e-con-inner\">\n\t\t\t\t<div class=\"elementor-element elementor-element-2244179 elementor-widget elementor-widget-heading\" data-id=\"2244179\" data-element_type=\"widget\" data-widget_type=\"heading.default\">\n\t\t\t\t\t<h2 class=\"elementor-heading-title elementor-size-default\">Kreatywna \npromocja \nTwojej \nmarki<\/h2>\t\t\t\t<\/div>\n\t\t\t\t\t<\/div>\n\t\t\t\t<\/div>\n\t\t<div class=\"elementor-element elementor-element-86c3fd8 e-flex e-con-boxed e-con e-parent\" data-id=\"86c3fd8\" data-element_type=\"container\">\n\t\t\t\t\t<div class=\"e-con-inner\">\n\t\t\t\t<div class=\"elementor-element elementor-element-93e68c8 elementor-widget-mobile__width-initial elementor-widget elementor-widget-text-editor\" data-id=\"93e68c8\" data-element_type=\"widget\" data-widget_type=\"text-editor.default\">\n\t\t\t\t\t\t\t\t\t<p>Pomagam markom wyr\u00f3\u017cni\u0107 si\u0119 online. Tworz\u0119 strony, prowadz\u0119 social media, projektuj\u0119 z g\u0142ow\u0105\u00a0 i sercem.<\/p>\t\t\t\t\t\t\t\t<\/div>\n\t\t\t\t\t<\/div>\n\t\t\t\t<\/div>\n\t\t<div class=\"elementor-element elementor-element-f93f765 e-flex e-con-boxed e-con e-parent\" data-id=\"f93f765\" data-element_type=\"container\">\n\t\t\t\t\t<div class=\"e-con-inner\">\n\t\t<div class=\"elementor-element elementor-element-71e9576 e-con-full e-flex e-con e-child\" data-id=\"71e9576\" data-element_type=\"container\">\n\t\t\t\t<div class=\"elementor-element elementor-element-6d8edad elementor-widget-mobile__width-initial elementor-widget elementor-widget-heading\" data-id=\"6d8edad\" data-element_type=\"widget\" data-widget_type=\"heading.default\">\n\t\t\t\t\t<h2 class=\"elementor-heading-title elementor-size-default\">Cze\u015b\u0107, jestem Ania i stoj\u0119 za AnaStudio.<\/h2>\t\t\t\t<\/div>\n\t\t\t\t<\/div>\n\t\t\t\t<div class=\"elementor-element elementor-element-424c364 elementor-widget elementor-widget-text-editor\" data-id=\"424c364\" data-element_type=\"widget\" data-widget_type=\"text-editor.default\">\n\t\t\t\t\t\t\t\t\t<p>Pomagam ma\u0142ym firmom, freelancerom i lokalnym markom zaistnie\u0107 w sieci. Tworz\u0119 strony internetowe, prowadz\u0119 profile w social media, i projektuj\u0119 grafiki, kt\u00f3re przyci\u0105gaj\u0105 uwag\u0119 i\u2026 klient\u00f3w.<\/p><p><strong>Co mnie wyr\u00f3\u017cnia?<\/strong><\/p><p>Mam oko do detali, dbam o sp\u00f3jno\u015b\u0107 wizualn\u0105 i komunikacj\u0119. Pracuj\u0119 na WordPressie i Canvie, ale moimi\u00a0 najwa\u017cniejszymi narz\u0119dziami s\u0105: empatia, konkret i zrozumienie Twoich cel\u00f3w.<\/p>\t\t\t\t\t\t\t\t<\/div>\n\t\t<div class=\"elementor-element elementor-element-f3e88cf e-con-full e-flex e-con e-child\" data-id=\"f3e88cf\" data-element_type=\"container\">\n\t\t\t\t<div class=\"elementor-element elementor-element-f8e4344 elementor-widget elementor-widget-image\" data-id=\"f8e4344\" data-element_type=\"widget\" data-widget_type=\"image.default\">\n\t\t\t\t\t\t\t\t\t\t\t\t\t\t\t<img fetchpriority=\"high\" decoding=\"async\" width=\"1024\" height=\"1024\" src=\"https:\/\/anastudio.pl\/wp-content\/uploads\/2025\/07\/IMG_1009-1024x1024.png\" class=\"attachment-large size-large wp-image-28\" alt=\"\" srcset=\"https:\/\/anastudio.pl\/wp-content\/uploads\/2025\/07\/IMG_1009-1024x1024.png 1024w, https:\/\/anastudio.pl\/wp-content\/uploads\/2025\/07\/IMG_1009-300x300.png 300w, https:\/\/anastudio.pl\/wp-content\/uploads\/2025\/07\/IMG_1009-150x150.png 150w, https:\/\/anastudio.pl\/wp-content\/uploads\/2025\/07\/IMG_1009-768x767.png 768w, https:\/\/anastudio.pl\/wp-content\/uploads\/2025\/07\/IMG_1009-1536x1534.png 1536w, https:\/\/anastudio.pl\/wp-content\/uploads\/2025\/07\/IMG_1009-2048x2045.png 2048w\" sizes=\"(max-width: 1024px) 100vw, 1024px\" \/>\t\t\t\t\t\t\t\t\t\t\t\t\t\t\t<\/div>\n\t\t\t\t<\/div>\n\t\t\t\t\t<\/div>\n\t\t\t\t<\/div>\n\t\t<div class=\"elementor-element elementor-element-da9dfe0 e-grid e-con-boxed e-con e-parent\" data-id=\"da9dfe0\" data-element_type=\"container\">\n\t\t\t\t\t<div class=\"e-con-inner\">\n\t\t\t\t\t<\/div>\n\t\t\t\t<\/div>\n\t\t\t\t<\/div>\n\t\t","protected":false},"excerpt":{"rendered":"<p>Kreatywna promocja Twojej marki Pomagam markom wyr\u00f3\u017cni\u0107 si\u0119 online. Tworz\u0119 strony, prowadz\u0119 social media, projektuj\u0119 z g\u0142ow\u0105\u00a0 i sercem. Cze\u015b\u0107, [&hellip;]<\/p>\n","protected":false},"author":1,"featured_media":0,"parent":0,"menu_order":0,"comment_status":"closed","ping_status":"closed","template":"","meta":{"site-sidebar-layout":"no-sidebar","site-content-layout":"","ast-site-content-layout":"full-width-container","site-content-style":"default","site-sidebar-style":"default","ast-global-header-display":"","ast-banner-title-visibility":"","ast-main-header-display":"","ast-hfb-above-header-display":"","ast-hfb-below-header-display":"","ast-hfb-mobile-header-display":"","site-post-title":"disabled","ast-breadcrumbs-content":"","ast-featured-img":"disabled","footer-sml-layout":"","theme-transparent-header-meta":"","adv-header-id-meta":"","stick-header-meta":"","header-above-stick-meta":"","header-main-stick-meta":"","header-below-stick-meta":"","astra-migrate-meta-layouts":"default","ast-page-background-enabled":"default","ast-page-background-meta":{"desktop":{"background-color":"var(--ast-global-color-5)","background-image":"","background-repeat":"repeat","background-position":"center center","background-size":"auto","background-attachment":"scroll","background-type":"","background-media":"","overlay-type":"","overlay-color":"","overlay-opacity":"","overlay-gradient":""},"tablet":{"background-color":"","background-image":"","background-repeat":"repeat","background-position":"center center","background-size":"auto","background-attachment":"scroll","background-type":"","background-media":"","overlay-type":"","overlay-color":"","overlay-opacity":"","overlay-gradient":""},"mobile":{"background-color":"","background-image":"","background-repeat":"repeat","background-position":"center center","background-size":"auto","background-attachment":"scroll","background-type":"","background-media":"","overlay-type":"","overlay-color":"","overlay-opacity":"","overlay-gradient":""}},"ast-content-background-meta":{"desktop":{"background-color":"var(--ast-global-color-4)","background-image":"","background-repeat":"repeat","background-position":"center center","background-size":"auto","background-attachment":"scroll","background-type":"","background-media":"","overlay-type":"","overlay-color":"","overlay-opacity":"","overlay-gradient":""},"tablet":{"background-color":"var(--ast-global-color-4)","background-image":"","background-repeat":"repeat","background-position":"center center","background-size":"auto","background-attachment":"scroll","background-type":"","background-media":"","overlay-type":"","overlay-color":"","overlay-opacity":"","overlay-gradient":""},"mobile":{"background-color":"var(--ast-global-color-4)","background-image":"","background-repeat":"repeat","background-position":"center center","background-size":"auto","background-attachment":"scroll","background-type":"","background-media":"","overlay-type":"","overlay-color":"","overlay-opacity":"","overlay-gradient":""}},"footnotes":""},"class_list":["post-7","page","type-page","status-publish","hentry"],"_links":{"self":[{"href":"https:\/\/anastudio.pl\/index.php\/wp-json\/wp\/v2\/pages\/7","targetHints":{"allow":["GET"]}}],"collection":[{"href":"https:\/\/anastudio.pl\/index.php\/wp-json\/wp\/v2\/pages"}],"about":[{"href":"https:\/\/anastudio.pl\/index.php\/wp-json\/wp\/v2\/types\/page"}],"author":[{"embeddable":true,"href":"https:\/\/anastudio.pl\/index.php\/wp-json\/wp\/v2\/users\/1"}],"replies":[{"embeddable":true,"href":"https:\/\/anastudio.pl\/index.php\/wp-json\/wp\/v2\/comments?post=7"}],"version-history":[{"count":29,"href":"https:\/\/anastudio.pl\/index.php\/wp-json\/wp\/v2\/pages\/7\/revisions"}],"predecessor-version":[{"id":109,"href":"https:\/\/anastudio.pl\/index.php\/wp-json\/wp\/v2\/pages\/7\/revisions\/109"}],"wp:attachment":[{"href":"https:\/\/anastudio.pl\/index.php\/wp-json\/wp\/v2\/media?parent=7"}],"curies":[{"name":"wp","href":"https:\/\/api.w.org\/{rel}","templated":true}]}}